178 - -211. What is the greatest common factor of l and r?
33
Suppose -4*o = -2*l - 6*o - 4, 0 = -l - 3*o - 10. Suppose -3*c - 4 = -4*p - c, -2*c + l = -2*p. Let s = 69 + -36. What is the highest common divisor of s and p?
3
Suppose 3*a - 69 = 171. Let x be (-1 + -3 + 42/12)*-32. Calculate the greatest common divisor of a and x.
16
Let x = 13 + -13. Suppose 2*m + 3*h = 28 + 120, x = m + 2*h - 73. What is the highest common divisor of m and 11?
11
Suppose 0*p = p - 108. Suppose p = -0*o + 3*o. What is the highest common divisor of o and 108?
36
Suppose w - 4*b + 7*b = -9, 4*b + 12 = 4*w. Suppose 5*z - 85 - 15 = w. Calculate the highest common divisor of z and 50.
10
Suppose 39 = -a - 43. Let b = -59 - a. Suppose 304 = 4*f - 156. Calculate the greatest common factor of b and f.
23
Let q = 205 - 117. Let t = q - 0. Calculate the greatest common factor of t and 8.
8
Suppose -20*k + 11*k = -36. Suppose -k*r - c = -72, 9 = -4*r + 4*c + 101. Let q = 323 - 152. Calculate the greatest common divisor of q and r.
19
Let d(q) = q**3 + 14*q**2 + 12*q - 9. Let f be d(-13). Let x be f/3*(3 - -6). Let u = 33 + x. Calculate the highest common factor of 30 and u.
15
Let o(t) = 2*t**3 + t**2 - 19*t + 54. Let w be o(3). What is the greatest common factor of w and 130?
10
Let l = 166 - 128. What is the highest common divisor of 418 and l?
38
Suppose 5*z = -3*d + 41, 4*z = -d - 2*d + 46. Let l(w) = -12*w - 2. Let b be l(-2). Suppose -b = -o - 0. Calculate the greatest common factor of d and o.
22
Let c be 4 + (-5 - 4) - -2. Let q(l) = -55*l - 11. Let f be q(c). Let p = -28 + 42. What is the greatest common divisor of f and p?
14
Suppose -35*o = -39*o - 24. Let l be ((-99)/o)/(1/(-8)*-2). Calculate the greatest common divisor of 88 and l.
22
Let x(j) = j**3 + 21*j**2 + 20*j + 24. Let a be x(-20). Calculate the greatest common factor of 16 and a.
8
Let d be (-7)/4*6*(-56)/42. Calculate the greatest common factor of 56 and d.
14
Let j = -275 + 383. Calculate the highest common factor of j and 30.
6
Let h = -2 + -28. Let q = -6 - h. What is the highest common divisor of 36 and q?
12
Let s be (9 - 10)/(2/(-218)). Let j be s/(-4) + 3/12. Let m be (-2)/6 - 36/j. What is the greatest common divisor of 10 and m?
1
Let l be ((-2)/(-10))/(7/805). What is the highest common factor of 23 and l?
23
Let a(l) = l**2 - l + 8. Let y be a(5). Calculate the greatest common factor of 252 and y.
28
Let t = 87 - 82. Suppose -150 = -t*b - 13*u + 15*u, -3*u + 79 = 2*b. Let i be -1 + 1 - 8/(-2). What is the highest common divisor of b and i?
4
Suppose 4*s = d - 162, -4*s = -5*d + 810 - 32. Let v(n) = -10*n + 2. Let f be v(-2). Calculate the greatest common factor of f and d.
22
Let u = -65 + 43. Let a = u + 92. Calculate the greatest common divisor of a and 10.
10
Let b = 301 + -67. Calculate the greatest common factor of b and 52.
26
Let a be 2*(-16)/4*(-21)/2. Let g = 0 + 12. What is the greatest common divisor of g and a?
12
Suppose g + z - 4 = 0, 60 = 6*g - g - 5*z. Suppose 2*a - 9*i - 138 = -14*i, 2*i + 252 = 4*a. What is the greatest common divisor of a and g?
8
Suppose -2*c = 4*n - 18, c + 3*n + 6 = 6*n. What is the highest common factor of c and 69?
3
Let s be -1*(2 + -3) - -7. Let x = -59 + 60. Calculate the greatest common factor of x and s.
1
Let f be 14/12 - 7130/(-60). What is the greatest common divisor of 280 and f?
40
Suppose -863 + 13023 = 19*z. What is the highest common factor of z and 32?
32
Let c(g) = g + 2 - 2 - 22*g - 3. Let t be c(-1). Suppose 4*z - 2 = t. Calculate the highest common divisor of z and 45.
5
Let v = 9 - -35. Let d(u) = u**3 + u**2 + 11. Let q be d(0). Calculate the greatest common factor of v and q.
11
Let r = 30 - 20. Suppose v - 29 = -3*g + r, 4*v - 121 = -5*g. Let j = 531 - 315. Calculate the highest common factor of v and j.
24
Suppose 20 = 5*j, 5*s - 5*j - 88 = -7*j. Let m = -353 - -609. Calculate the highest common divisor of s and m.
16
Let z(h) = 4*h - 20. Let x be z(6). Suppose -4 + 0 = -x*b. Calculate the greatest common factor of 9 and b.
1
Suppose -3*d + r + 112 = 0, -2*d = 2*r - 5*r - 70. What is the greatest common factor of 133 and d?
19
Let g be 2/(-12) - 31265/(-30). Suppose 3*o - v - 1577 = 0, o = 3*o + 4*v - g. Let x be (8/5)/(10/o). Calculate the greatest common factor of x and 14.
14
Suppose 7*o = -14 + 77. Let x be 382/6 + 2/(-3). Calculate the highest common divisor of o and x.
9
Suppose 0 = -7*c + 10*c - 81. Calculate the greatest common factor of c and 99.
9
Let i = 53 + -207. Let y be 12/8*(-1 + i/(-6)). What is the highest common factor of y and 185?
37
Let z(i) = 306*i**2 + 3*i - 5. Let c be z(1). Calculate the greatest common factor of c and 76.
76
Let s = -53 + -38. Let j = -55 - s. Let q be (2/4)/((-2)/(-16)). Calculate the highest common divisor of q and j.
4
Suppose 21*y - 409 = 3371. What is the highest common factor of 4 and y?
4
Suppose -4*u = -5*l + 7466, 3*l + 8*u - 10*u - 4480 = 0. Calculate the highest common divisor of l and 18.
18
Let p(a) = 2*a**2 - 18*a - 32. Let x be p(-8). Calculate the highest common divisor of x and 18.
6
Let m(d) = 7*d**2 + d + 4. Let y be m(3). Let c = 145 - 31. Suppose -w + 25 = k, -5*k + 20 + c = 2*w. Calculate the greatest common factor of k and y.
14
Let o(u) = 9*u - 1. Let g(n) = n**2 - 4*n - 2. Let p be g(5). Let i be o(p). Calculate the highest common divisor of 39 and i.
13
Let b = -581 + 635. Let n(w) = -w**2 - 8*w - 1. Suppose -5*i - 20 = 3*j, 20 = -0*j + 4*j. Let v be n(i). What is the highest common divisor of b and v?
6
Let x be (1473/2)/(12/24). Suppose -x + 208 = -5*t. Suppose 2*b + 96 = 4*d + 3*b, -d + 4*b + 7 = 0. Calculate the highest common factor of t and d.
23
Let i be -6*(44/12 - 4). Suppose 0 = -3*l + i*l - 2. Let t be l/(-4) - (-228)/24. Calculate the highest common divisor of 10 and t.
10
Suppose 0 = -m - 4*m + 175. Suppose 0 = 9*p - 28 - m. Calculate the greatest common factor of 35 and p.
7
Suppose 0 = -r - 3*y + 1, 4*r - 3*y + 17 = 3*r. Let h = r + 13. Suppose -h*k + 83 = 4*f, 4*f + 23 = 5*k + 116. What is the highest common factor of 11 and f?
11
Suppose 3*w + 8 = 26. Suppose 19*n - 16*n = 18. Calculate the highest common factor of n and w.
6
Suppose 6*c - 616 = 302. Suppose -3*n = j - c, -7*j - 2*n + 817 = -2*j. Calculate the highest common factor of 55 and j.
55
Suppose -j + 2*j = 0. Suppose -5*h + 10 = j, -3*a - 3 = -4*h - 1. Let g be -2 - a*(2 - 4). Calculate the greatest common factor of 1 and g.
1
Suppose 11*s - 15*s = -4. What is the highest common divisor of 27 and s?
1
Let y = 32 + -24. Suppose -2*z - s + 0*s + 15 = 0, -12 = -z + 4*s. What is the greatest common factor of z and y?
8
Suppose j + 0*p = -2*p + 5, -2*j + p - 15 = 0. Let d be (((-21)/(-18))/1)/(j/(-30)). Calculate the greatest common divisor of 42 and d.
7
Let o(y) = 3*y + 5. Let l be o(-4). Let p(s) = 52*s - s**2 - 60*s + 0 - 2. Let m be p(l). What is the highest common factor of m and 20?
5
Suppose -q + 17 = -27*k + 24*k, 2*q = 5*k + 31. Calculate the greatest common factor of 76 and q.
4
Suppose -90 = -2*k - k. Suppose 13*x - 8*x = 60. Calculate the greatest common divisor of x and k.
6
Let j be (2/3)/(4/78). Let w = 21 - j. Let f(s) = 7*s + 2. Let c be f(2). Calculate the greatest common divisor of w and c.
8
Suppose -b + 6*s - 3*s = -923, -2*s = -2*b + 1862. Calculate the highest common factor of 55 and b.
55
Let j be (-9)/15 - (-2904)/15. Suppose 73 = -5*d + j. Suppose -2*f - 2*f = -672. Calculate the greatest common factor of d and f.
24
Suppose -3*m + 68 = 2*c + 2*c, -3*m = c - 80. Let i = -94 - -102. Calculate the greatest common factor of i and m.
4
Let x = 463 + -462. Suppose -2*s + 7 = -c, s = 2*c + 7 + 4. Calculate the highest common divisor of x and s.
1
Let d = 213 + -193. Let r(t) = t**2 + t + 46. Let b be r(0). Suppose -m + 2*o = -b, -3*o - 2*o = -4*m + 190. What is the greatest common factor of d and m?
10
Let t(c) = 6*c + 18. Let p be t(5). Suppose -3*j = 2*j - 80. Calculate the highest common divisor of p and j.
16
Let m(s) be the third derivative of s**5/15 - 2*s**3/3 + 21*s**2. Let k be m(4). Calculate the greatest common factor of k and 20.
20
Let i(v) = 7*v + 5. Suppose 2*u + 3 = -5*o + 17, 2*o = -4*u - 4. Let r be i(u). Let j = r - -24. What is the highest 